{"id":2351,"date":"2022-03-08T17:19:52","date_gmt":"2022-03-08T15:19:52","guid":{"rendered":"https:\/\/www.nordictransport.org\/platform-workers\/"},"modified":"2022-11-16T11:59:38","modified_gmt":"2022-11-16T09:59:38","slug":"platform-workers","status":"publish","type":"page","link":"https:\/\/www.nordictransport.org\/is\/platform-workers\/","title":{"rendered":"Platform workers"},"content":{"rendered":"<p>[et_pb_section fb_built=&#8220;1&#8243; _builder_version=&#8220;4.10.8&#8243; _module_preset=&#8220;default&#8220; custom_padding=&#8220;0px|||||&#8220; global_colors_info=&#8220;{}&#8220;][et_pb_row _builder_version=&#8220;4.11.2&#8243; _module_preset=&#8220;default&#8220; global_colors_info=&#8220;{}&#8220;][et_pb_column type=&#8220;4_4&#8243; _builder_version=&#8220;4.11.2&#8243; _module_preset=&#8220;default&#8220; global_colors_info=&#8220;{}&#8220;][et_pb_divider _builder_version=&#8220;4.11.2&#8243; _module_preset=&#8220;default&#8220; global_colors_info=&#8220;{}&#8220;][\/et_pb_divider][\/et_pb_column][\/et_pb_row][et_pb_row column_structure=&#8220;1_2,1_2&#8243; _builder_version=&#8220;4.11.2&#8243; _module_preset=&#8220;default&#8220; global_colors_info=&#8220;{}&#8220;][et_pb_column type=&#8220;1_2&#8243; _builder_version=&#8220;4.11.2&#8243; _module_preset=&#8220;default&#8220; global_colors_info=&#8220;{}&#8220;][et_pb_text _builder_version=&#8220;4.11.2&#8243; _module_preset=&#8220;default&#8220; global_colors_info=&#8220;{}&#8220;]<\/p>\n<h2>Plattformsarbete i Norden<\/h2>\n<p>[\/et_pb_text][et_pb_text _builder_version=&#8220;4.11.2&#8243; _module_preset=&#8220;default&#8220; text_font_size=&#8220;15px&#8220; global_colors_info=&#8220;{}&#8220;]<\/p>\n<p>Antalet hemleveranser och arbete som f\u00f6rmedlas via olika appar har \u00f6kat exponentiellt under de senaste \u00e5ren, och den globala coronapandemin accelererade utveckling ytterligare. En v\u00e4xande grupp m\u00e4nniskor f\u00e5r sina arbetsuppgifter f\u00f6rmedlade via en app. Dessa plattformsarbetare saknar en fast arbetsplats och jobbar ofta ensamma i korta anst\u00e4llningar. Dessutom anser m\u00e5nga plattformsf\u00f6retag sig inte vara arbetsgivare och tvingar till exempel matbud att jobba som egenanst\u00e4llda. Det \u00e4r en utmaning att inkludera plattformsarbetare i den nordiska modellen d\u00e4r arbetsmarknadens parter och gemensamt f\u00f6rhandlade kollektivavtal har en viktig roll i reglering av arbetsvillkor.<\/p>\n<p class=\"BrdtextBrdtexter\">F\u00f6r att f\u00f6rst\u00e5 plattformsarbete och dess utmaningar b\u00e4ttre, ville vi g\u00f6ra en utredning om det r\u00e5dande r\u00e4ttsl\u00e4get i Norden. Dessutom ville vi samla in och l\u00e4ra mera om de olika strategier v\u00e5ra medlemsorganisationer har kring plattformsarbete. <o:p><\/o:p><\/p>\n<p>[\/et_pb_text][et_pb_button button_url=&#8220;https:\/\/www.nordictransport.org\/wp-content\/uploads\/2022\/03\/NTF_rapport_Plattformsarbete_i_Norden.pdf&#8220; button_text=&#8220;Report in English&#8220; _builder_version=&#8220;4.11.2&#8243; _module_preset=&#8220;default&#8220; global_colors_info=&#8220;{}&#8220;][\/et_pb_button][et_pb_button button_url=&#8220;https:\/\/www.nordictransport.org\/wp-content\/uploads\/2022\/03\/NTF_rapport_Plattformsarbete_i_Norden_se.pdf&#8220; button_text=&#8220;Rapporten p\u00e5 svenska&#8220; _builder_version=&#8220;4.11.2&#8243; _module_preset=&#8220;default&#8220; global_colors_info=&#8220;{}&#8220;][\/et_pb_button][et_pb_button button_url=&#8220;https:\/\/www.nordictransport.org\/wp-content\/uploads\/2022\/06\/Platform-work-and-solutions-with-a-Nordic-approach.pdf&#8220; button_text=&#8220;Summary of key findings&#8220; _builder_version=&#8220;4.11.2&#8243; _module_preset=&#8220;default&#8220; global_colors_info=&#8220;{}&#8220;][\/et_pb_button][et_pb_image src=&#8220;https:\/\/www.nordictransport.org\/wp-content\/uploads\/2022\/03\/Screenshot-2022-03-17-095510-1.jpg&#8220; title_text=&#8220;Screenshot 2022-03-17 095510&#8243; _builder_version=&#8220;4.11.2&#8243; _module_preset=&#8220;default&#8220; max_height=&#8220;1000px&#8220; border_width_all=&#8220;1px&#8220; border_color_all=&#8220;#001233&#8243; global_colors_info=&#8220;{}&#8220;][\/et_pb_image][\/et_pb_column][et_pb_column type=&#8220;1_2&#8243; _builder_version=&#8220;4.11.2&#8243; _module_preset=&#8220;default&#8220; global_colors_info=&#8220;{}&#8220;][et_pb_video src=&#8220;https:\/\/www.youtube.com\/watch?v=tJk7XI4bKjY&#8220; image_src=&#8220;https:\/\/www.nordictransport.org\/wp-content\/uploads\/2022\/03\/Screenshot-2022-03-03-164217.jpg&#8220; _builder_version=&#8220;4.11.2&#8243; _module_preset=&#8220;default&#8220; global_colors_info=&#8220;{}&#8220;][\/et_pb_video][et_pb_text _builder_version=&#8220;4.11.2&#8243; _module_preset=&#8220;default&#8220; global_colors_info=&#8220;{}&#8220;]<\/p>\n<p class=\"BrdtextBrdtexter\">F\u00f6r att f\u00f6rst\u00e5 plattformsarbete och dess utmaningar b\u00e4ttre, ville vi g\u00f6ra en utredning om det r\u00e5dande r\u00e4ttsl\u00e4get i Norden. Dessutom ville vi samla in och l\u00e4ra mera om de olika strategier v\u00e5ra medlemsorganisationer har kring plattformsarbete.<\/p>\n<ul>\n<li>Vem \u00e4r arbetsgivare respektive arbetstagare i plattformsf\u00f6retag som f\u00f6rmedlar traditionellt arbete inom transportsektorn?<\/li>\n<li>Vilka \u00e4r de st\u00f6rsta utmaningarna f\u00f6r att organisera plattformsarbetare.<\/li>\n<li>Vilka tillv\u00e4gag\u00e5ngss\u00e4tt har varit framg\u00e5ngsrika f\u00f6r att organisera plattformsarbetare i Norden?<\/li>\n<\/ul>\n<p>[\/et_pb_text][et_pb_video src=&#8220;https:\/\/youtu.be\/QkMwzS3t2oA&#8220; _builder_version=&#8220;4.11.2&#8243; _module_preset=&#8220;default&#8220; global_colors_info=&#8220;{}&#8220;][\/et_pb_video][et_pb_button button_url=&#8220;https:\/\/www.nordictransport.org\/wp-content\/uploads\/2022\/09\/NTF_verktygslada_plattformsarbete.pdf&#8220; button_text=&#8220;NTF Verktygsl\u00e5da &#8211; Strategier f\u00f6r att organisera plattformsarbete&#8220; _builder_version=&#8220;4.11.2&#8243; _module_preset=&#8220;default&#8220; global_colors_info=&#8220;{}&#8220;][\/et_pb_button][et_pb_button button_url=&#8220;https:\/\/www.nordictransport.org\/wp-content\/uploads\/2022\/09\/NTF_Strategies-for-organising-platform-work.pdf&#8220; button_text=&#8220;NTF&#8217;s Toolbox &#8211; Strategies for organising platform work&#8220; _builder_version=&#8220;4.11.2&#8243; _module_preset=&#8220;default&#8220; hover_enabled=&#8220;0&#8243; global_colors_info=&#8220;{}&#8220; sticky_enabled=&#8220;0&#8243;][\/et_pb_button][\/et_pb_column][\/et_pb_row][et_pb_row _builder_version=&#8220;4.10.8&#8243; _module_preset=&#8220;default&#8220; global_colors_info=&#8220;{}&#8220;][et_pb_column type=&#8220;4_4&#8243; _builder_version=&#8220;4.10.8&#8243; _module_preset=&#8220;default&#8220; global_colors_info=&#8220;{}&#8220;][et_pb_blurb title=&#8220;Plattformsarbetets roll i den nordiska modellen \u2013 s\u00e5 kan plattformsarbetarna omfattas av kollektivavtal&#8220; image=&#8220;https:\/\/www.nordictransport.org\/wp-content\/uploads\/2021\/11\/platform-workers-seminar.jpg&#8220; _builder_version=&#8220;4.11.2&#8243; _module_preset=&#8220;default&#8220; custom_padding=&#8220;||2px|||&#8220; global_colors_info=&#8220;{}&#8220;]<\/p>\n<p>Corona-pandemin har lett till att e-handel och hemleveranser blivit popul\u00e4rare \u00e4n n\u00e5gonsin. D\u00e4rf\u00f6r \u00f6kar \u00e4ven antalet personer som \u201cgigarbetar\u201d i transportsektorn. Utvecklingen pekar \u00e5t samma h\u00e5ll i alla de nordiska l\u00e4nderna. Nordiska fackf\u00f6rbund arbetar d\u00e4rf\u00f6r aktivt f\u00f6r att transportarbetare som arbetar f\u00f6r plattformsf\u00f6retag ska omfattas av kollektivavtal. Hittills har n\u00e5gra banbrytande segrar n\u00e5tts \u2013 de f\u00f6rsta kollektivavtalen f\u00f6r matleveranser undertecknades i Norge, Sverige och Danmark under 2019 och 2020.<\/p>\n<p>F\u00f6r att f\u00f6rdjupa kunskapen om hur plattformsarbetare kan omfattas av den nordiska kollektivavtalsmodellen bj\u00f6d Nordiska Transportarbetarefederationen NTF in fackliga ledare, representanter och medlemmar att delta i en halvdagskonferens i Stockholm.\u00a0<\/p>\n<p>Konferensen var uppdelad i tv\u00e5 och den f\u00f6rsta timmen kunde f\u00f6ljas p\u00e5 Facebook Live (<a href=\"https:\/\/fb.watch\/9nk33oU0S7\/\">https:\/\/fb.watch\/9nk33oU0S7\/<\/a>).\u00a0<\/p>\n<p><strong>Medverkande:<\/strong><br \/><strong>Anders Teglund<\/strong>, f\u00f6rfattare av <em>Cykelbudet<\/em> som skildrar livet som cykelbud f\u00f6r Foodora<br \/><strong>Olli Koski<\/strong>, senior manager, public policy, WOLT<br \/><strong>Cecilia Westerlund<\/strong>, utredare, Nordiska Transportarbetarefederationen NTF<br \/><strong>Tommy Wreeth<\/strong>, ordf\u00f6rande, Transportarbetaref\u00f6rbundet<\/p>\n<p><strong>Moderator:<\/strong> <strong>Lisa Pelling<\/strong>, Arena Id\u00e9<\/p>\n<p>[\/et_pb_blurb][\/et_pb_column][\/et_pb_row][et_pb_row _builder_version=&#8220;4.11.2&#8243; _module_preset=&#8220;default&#8220; global_colors_info=&#8220;{}&#8220;][et_pb_column type=&#8220;4_4&#8243; _builder_version=&#8220;4.11.2&#8243; _module_preset=&#8220;default&#8220; global_colors_info=&#8220;{}&#8220;][et_pb_gallery gallery_ids=&#8220;2266,2267,2277,2268,2261,2260,2278,2271,2272,2273,2270,2269,2252,2253,2254,2255,2256,2257,2258,2259&#8243; posts_number=&#8220;12&#8243; show_title_and_caption=&#8220;off&#8220; show_pagination=&#8220;off&#8220; _builder_version=&#8220;4.11.2&#8243; _module_preset=&#8220;default&#8220; global_colors_info=&#8220;{}&#8220;][\/et_pb_gallery][\/et_pb_column][\/et_pb_row][\/et_pb_section]<\/p>\n","protected":false},"excerpt":{"rendered":"<p>Plattformsarbete i NordenAntalet hemleveranser och arbete som f\u00f6rmedlas via olika appar har \u00f6kat exponentiellt under de senaste \u00e5ren, och den globala coronapandemin accelererade utveckling ytterligare. En v\u00e4xande grupp m\u00e4nniskor f\u00e5r sina arbetsuppgifter f\u00f6rmedlade via en app. Dessa plattformsarbetare saknar en fast arbetsplats och jobbar ofta ensamma i korta anst\u00e4llningar. Dessutom anser m\u00e5nga plattformsf\u00f6retag sig inte [&hellip;]<\/p>\n","protected":false},"author":1,"featured_media":0,"parent":0,"menu_order":0,"comment_status":"closed","ping_status":"closed","template":"","meta":{"_et_pb_use_builder":"on","_et_pb_old_content":"","_et_gb_content_width":""},"_links":{"self":[{"href":"https:\/\/www.nordictransport.org\/is\/wp-json\/wp\/v2\/pages\/2351"}],"collection":[{"href":"https:\/\/www.nordictransport.org\/is\/wp-json\/wp\/v2\/pages"}],"about":[{"href":"https:\/\/www.nordictransport.org\/is\/wp-json\/wp\/v2\/types\/page"}],"author":[{"embeddable":true,"href":"https:\/\/www.nordictransport.org\/is\/wp-json\/wp\/v2\/users\/1"}],"replies":[{"embeddable":true,"href":"https:\/\/www.nordictransport.org\/is\/wp-json\/wp\/v2\/comments?post=2351"}],"version-history":[{"count":10,"href":"https:\/\/www.nordictransport.org\/is\/wp-json\/wp\/v2\/pages\/2351\/revisions"}],"predecessor-version":[{"id":2499,"href":"https:\/\/www.nordictransport.org\/is\/wp-json\/wp\/v2\/pages\/2351\/revisions\/2499"}],"wp:attachment":[{"href":"https:\/\/www.nordictransport.org\/is\/wp-json\/wp\/v2\/media?parent=2351"}],"curies":[{"name":"wp","href":"https:\/\/api.w.org\/{rel}","templated":true}]}}

<p>[et_pb_section fb_built=&#8220;1&#8243; _builder_version=&#8220;4.10.8&#8243; _module_preset=&#8220;default&#8220; custom_padding=&#8220;0px|||||&#8220; global_colors_info=&#8220;{}&#8220;][et_pb_row _builder_version=&#8220;4.11.2&#8243; _module_preset=&#8220;default&#8220; global_colors_info=&#8220;{}&#8220;][et_pb_column type=&#8220;4_4&#8243; _builder_version=&#8220;4.11.2&#8243; _module_preset=&#8220;default&#8220; global_colors_info=&#8220;{}&#8220;][et_pb_divider _builder_version=&#8220;4.11.2&#8243; _module_preset=&#8220;default&#8220; global_colors_info=&#8220;{}&#8220;][/et_pb_divider][/et_pb_column][/et_pb_row][et_pb_row column_structure=&#8220;1_2,1_2&#8243; _builder_version=&#8220;4.11.2&#8243; _module_preset=&#8220;default&#8220; global_colors_info=&#8220;{}&#8220;][et_pb_column type=&#8220;1_2&#8243; _builder_version=&#8220;4.11.2&#8243; _module_preset=&#8220;default&#8220; global_colors_info=&#8220;{}&#8220;][et_pb_text _builder_version=&#8220;4.11.2&#8243; _module_preset=&#8220;default&#8220; global_colors_info=&#8220;{}&#8220;]</p>
<h2>Plattformsarbete i Norden</h2>
<p>[/et_pb_text][et_pb_text _builder_version=&#8220;4.11.2&#8243; _module_preset=&#8220;default&#8220; text_font_size=&#8220;15px&#8220; global_colors_info=&#8220;{}&#8220;]</p>
<p>Antalet hemleveranser och arbete som förmedlas via olika appar har ökat exponentiellt under de senaste åren, och den globala coronapandemin accelererade utveckling ytterligare. En växande grupp människor får sina arbetsuppgifter förmedlade via en app. Dessa plattformsarbetare saknar en fast arbetsplats och jobbar ofta ensamma i korta anställningar. Dessutom anser många plattformsföretag sig inte vara arbetsgivare och tvingar till exempel matbud att jobba som egenanställda. Det är en utmaning att inkludera plattformsarbetare i den nordiska modellen där arbetsmarknadens parter och gemensamt förhandlade kollektivavtal har en viktig roll i reglering av arbetsvillkor.</p>
<p class="BrdtextBrdtexter">För att förstå plattformsarbete och dess utmaningar bättre, ville vi göra en utredning om det rådande rättsläget i Norden. Dessutom ville vi samla in och lära mera om de olika strategier våra medlemsorganisationer har kring plattformsarbete. <o:p></o:p></p>
<p>[/et_pb_text][et_pb_button button_url=&#8220;https://www.nordictransport.org/wp-content/uploads/2022/03/NTF_rapport_Plattformsarbete_i_Norden.pdf&#8220; button_text=&#8220;Report in English&#8220; _builder_version=&#8220;4.11.2&#8243; _module_preset=&#8220;default&#8220; global_colors_info=&#8220;{}&#8220;][/et_pb_button][et_pb_button button_url=&#8220;https://www.nordictransport.org/wp-content/uploads/2022/03/NTF_rapport_Plattformsarbete_i_Norden_se.pdf&#8220; button_text=&#8220;Rapporten på svenska&#8220; _builder_version=&#8220;4.11.2&#8243; _module_preset=&#8220;default&#8220; global_colors_info=&#8220;{}&#8220;][/et_pb_button][et_pb_button button_url=&#8220;https://www.nordictransport.org/wp-content/uploads/2022/06/Platform-work-and-solutions-with-a-Nordic-approach.pdf&#8220; button_text=&#8220;Summary of key findings&#8220; _builder_version=&#8220;4.11.2&#8243; _module_preset=&#8220;default&#8220; global_colors_info=&#8220;{}&#8220;][/et_pb_button][et_pb_image src=&#8220;https://www.nordictransport.org/wp-content/uploads/2022/03/Screenshot-2022-03-17-095510-1.jpg&#8220; title_text=&#8220;Screenshot 2022-03-17 095510&#8243; _builder_version=&#8220;4.11.2&#8243; _module_preset=&#8220;default&#8220; max_height=&#8220;1000px&#8220; border_width_all=&#8220;1px&#8220; border_color_all=&#8220;#001233&#8243; global_colors_info=&#8220;{}&#8220;][/et_pb_image][/et_pb_column][et_pb_column type=&#8220;1_2&#8243; _builder_version=&#8220;4.11.2&#8243; _module_preset=&#8220;default&#8220; global_colors_info=&#8220;{}&#8220;][et_pb_video src=&#8220;https://www.youtube.com/watch?v=tJk7XI4bKjY&#8220; image_src=&#8220;https://www.nordictransport.org/wp-content/uploads/2022/03/Screenshot-2022-03-03-164217.jpg&#8220; _builder_version=&#8220;4.11.2&#8243; _module_preset=&#8220;default&#8220; global_colors_info=&#8220;{}&#8220;][/et_pb_video][et_pb_text _builder_version=&#8220;4.11.2&#8243; _module_preset=&#8220;default&#8220; global_colors_info=&#8220;{}&#8220;]</p>
<p class="BrdtextBrdtexter">För att förstå plattformsarbete och dess utmaningar bättre, ville vi göra en utredning om det rådande rättsläget i Norden. Dessutom ville vi samla in och lära mera om de olika strategier våra medlemsorganisationer har kring plattformsarbete.</p>
<ul>
<li>Vem är arbetsgivare respektive arbetstagare i plattformsföretag som förmedlar traditionellt arbete inom transportsektorn?</li>
<li>Vilka är de största utmaningarna för att organisera plattformsarbetare.</li>
<li>Vilka tillvägagångssätt har varit framgångsrika för att organisera plattformsarbetare i Norden?</li>
</ul>
<p>[/et_pb_text][et_pb_video src=&#8220;https://youtu.be/QkMwzS3t2oA&#8220; _builder_version=&#8220;4.11.2&#8243; _module_preset=&#8220;default&#8220; global_colors_info=&#8220;{}&#8220;][/et_pb_video][et_pb_button button_url=&#8220;https://www.nordictransport.org/wp-content/uploads/2022/09/NTF_verktygslada_plattformsarbete.pdf&#8220; button_text=&#8220;NTF Verktygslåda &#8211; Strategier för att organisera plattformsarbete&#8220; _builder_version=&#8220;4.11.2&#8243; _module_preset=&#8220;default&#8220; global_colors_info=&#8220;{}&#8220;][/et_pb_button][et_pb_button button_url=&#8220;https://www.nordictransport.org/wp-content/uploads/2022/09/NTF_Strategies-for-organising-platform-work.pdf&#8220; button_text=&#8220;NTF&#8217;s Toolbox &#8211; Strategies for organising platform work&#8220; _builder_version=&#8220;4.11.2&#8243; _module_preset=&#8220;default&#8220; hover_enabled=&#8220;0&#8243; global_colors_info=&#8220;{}&#8220; sticky_enabled=&#8220;0&#8243;][/et_pb_button][/et_pb_column][/et_pb_row][et_pb_row _builder_version=&#8220;4.10.8&#8243; _module_preset=&#8220;default&#8220; global_colors_info=&#8220;{}&#8220;][et_pb_column type=&#8220;4_4&#8243; _builder_version=&#8220;4.10.8&#8243; _module_preset=&#8220;default&#8220; global_colors_info=&#8220;{}&#8220;][et_pb_blurb title=&#8220;Plattformsarbetets roll i den nordiska modellen – så kan plattformsarbetarna omfattas av kollektivavtal&#8220; image=&#8220;https://www.nordictransport.org/wp-content/uploads/2021/11/platform-workers-seminar.jpg&#8220; _builder_version=&#8220;4.11.2&#8243; _module_preset=&#8220;default&#8220; custom_padding=&#8220;||2px|||&#8220; global_colors_info=&#8220;{}&#8220;]</p>
<p>Corona-pandemin har lett till att e-handel och hemleveranser blivit populärare än någonsin. Därför ökar även antalet personer som “gigarbetar” i transportsektorn. Utvecklingen pekar åt samma håll i alla de nordiska länderna. Nordiska fackförbund arbetar därför aktivt för att transportarbetare som arbetar för plattformsföretag ska omfattas av kollektivavtal. Hittills har några banbrytande segrar nåtts – de första kollektivavtalen för matleveranser undertecknades i Norge, Sverige och Danmark under 2019 och 2020.</p>
<p>För att fördjupa kunskapen om hur plattformsarbetare kan omfattas av den nordiska kollektivavtalsmodellen bjöd Nordiska Transportarbetarefederationen NTF in fackliga ledare, representanter och medlemmar att delta i en halvdagskonferens i Stockholm. </p>
<p>Konferensen var uppdelad i två och den första timmen kunde följas på Facebook Live (<a href="https://fb.watch/9nk33oU0S7/">https://fb.watch/9nk33oU0S7/</a>). </p>
<p><strong>Medverkande:</strong><br /><strong>Anders Teglund</strong>, författare av <em>Cykelbudet</em> som skildrar livet som cykelbud för Foodora<br /><strong>Olli Koski</strong>, senior manager, public policy, WOLT<br /><strong>Cecilia Westerlund</strong>, utredare, Nordiska Transportarbetarefederationen NTF<br /><strong>Tommy Wreeth</strong>, ordförande, Transportarbetareförbundet</p>
<p><strong>Moderator:</strong> <strong>Lisa Pelling</strong>, Arena Idé</p>
<p>[/et_pb_blurb][/et_pb_column][/et_pb_row][et_pb_row _builder_version=&#8220;4.11.2&#8243; _module_preset=&#8220;default&#8220; global_colors_info=&#8220;{}&#8220;][et_pb_column type=&#8220;4_4&#8243; _builder_version=&#8220;4.11.2&#8243; _module_preset=&#8220;default&#8220; global_colors_info=&#8220;{}&#8220;][et_pb_gallery gallery_ids=&#8220;2266,2267,2277,2268,2261,2260,2278,2271,2272,2273,2270,2269,2252,2253,2254,2255,2256,2257,2258,2259&#8243; posts_number=&#8220;12&#8243; show_title_and_caption=&#8220;off&#8220; show_pagination=&#8220;off&#8220; _builder_version=&#8220;4.11.2&#8243; _module_preset=&#8220;default&#8220; global_colors_info=&#8220;{}&#8220;][/et_pb_gallery][/et_pb_column][/et_pb_row][/et_pb_section]</p>

<p>Plattformsarbete i NordenAntalet hemleveranser och arbete som förmedlas via olika appar har ökat exponentiellt under de senaste åren, och den globala coronapandemin accelererade utveckling ytterligare. En växande grupp människor får sina arbetsuppgifter förmedlade via en app. Dessa plattformsarbetare saknar en fast arbetsplats och jobbar ofta ensamma i korta anställningar. Dessutom anser många plattformsföretag sig inte [&hellip;]</p>
